digit of u?
3
Suppose 273 = -m + 6*m - 4*y, 4*m = 4*y + 220. What is the units digit of m?
3
Suppose 0 = -2*w - 2*w, -3*c + 15 = -2*w. Suppose -i + d = -10, -2*i - c*d + 15 = -2*d. What is the units digit of i?
9
What is the units digit of ((-55)/15)/((-2)/30)?
5
Let l = 10 - 4. Let k(f) = 2*f + 12. Let s(c) = c. Let q(n) = k(n) - 3*s(n). What is the units digit of q(l)?
6
Let l(o) = 10*o**2 - o + 4. What is the tens digit of l(-2)?
4
Let f be 1 - -3 - (-3)/(-3). What is the units digit of (-2)/(-8) - f/(-4)?
1
Let z(n) = -n**2 + 18*n - 20. What is the units digit of z(14)?
6
Suppose -117 = -3*q - 3*k, 3*q - 2*k = 50 + 72. What is the tens digit of q?
4
Let j = -37 - -69. What is the tens digit of j?
3
Let c = 2 - 3. What is the tens digit of c - (3 - (-66)/(-3))?
1
Let l(m) = -m**3 + 7*m**2. Let t be l(7). Suppose t = 5*q - 2*q - 9. What is the units digit of (76/(-6))/((-2)/q)?
9
Let j = -4 - -1. What is the units digit of 8 + (j - (-3 - -1))?
7
Let h = 5 + 5. Let i = h + 8. What is the tens digit of i?
1
Let h = -30 + 61. What is the tens digit of h?
3
Suppose 0 = -10*l + 9*l + 29. What is the tens digit of l?
2
Let h be 18/12 + 246/(-4). What is the units digit of h/(-4) + 0 + 3?
8
Suppose 0*o + 93 = 3*o. Suppose d - 3*d + 98 = 3*z, -o = -d + 3*z. What is the units digit of d?
3
Let p be ((-18)/5)/1*-5. Let i be (2/3)/((-4)/(-18)). Suppose 2*u - 12 = -4*w, 2*u = 2*w - i*u - p. What is the units digit of w?
4
Suppose -4*p = 3*i - 107, 3*i + 3*p = -i + 131. Suppose -4 = 5*o - i. What is the units digit of o?
5
Let j be (-2 + 1)*1 + 1. What is the units digit of (j - 3)*(-21)/9?
7
What is the units digit of 488/72 + (-4)/(-18)?
7
Let d = -25 - -41. Suppose 3*y - 14 = d. What is the units digit of y?
0
Let v = -13 - -19. Let s = v + 37. What is the tens digit of s?
4
Let g(k) = -4*k**3 + 2*k + 1. Let t be g(-1). Suppose -2*x + 62 = -5*i, 4 = -4*x + 4*i + 140. Suppose -t*j - 3 = -x. What is the units digit of j?
1
Let r be (-3)/(-4) - (-1)/4. What is the tens digit of (-15*r + 2)/(-1)?
1
Suppose 5*g - 63 = 2*g - 3*x, -3*g + 2*x + 63 = 0. What is the tens digit of g?
2
Let t = -29 + 19. Let v = t + 16. Let q(z) = 3*z - 4. What is the tens digit of q(v)?
1
Suppose 20 = -5*s, a = -0*a - 4*s + 20. Let q = -14 + a. What is the tens digit of q?
2
Suppose -14 - 97 = -m - 4*g, -2*g + 222 = 2*m. What is the units digit of m?
1
Let x(t) = -3*t**3 - 4*t**2 - 4*t - 3. What is the tens digit of x(-2)?
1
Suppose 0 = 5*y - 3 - 2, 0 = -2*w - 2*y + 10. Suppose -24 = -w*h + 3*l, -5*h - 3*l = -2*l - 30. Suppose h = z - 0*z. What is the units digit of z?
6
Let x = 6 + -9. Let h = x + 33. What is the tens digit of h?
3
Let w(l) = -l**2 - 3*l + 4. Let j be w(-4). Let r = j + 3. What is the units digit of r?
3
Suppose 2*m + 2*s - 48 = 0, -4*s = 3*m - 47 - 22. Let f = 9 - m. Let w = -2 - f. What is the units digit of w?
6
Let c(h) = -h**2 + 3*h. Let u be c(3). What is the units digit of 30 - 4 - (0 - u)?
6
Let w(d) = d - 7. Let y be w(5). Let f(a) = -a**3 - 5*a**2 - 3. Let h be f(-5). What is the units digit of (y - h)*(2 - 0)?
2
Let o = -9 + 18. Suppose 3 = 3*i + o. What is the units digit of i - (0 + 6/(-1))?
4
Suppose -3*p = p + 3*r - 439, -338 = -3*p - 4*r. Let q be p/4 + 2/(-4). Suppose 3*k + q = 5*k. What is the units digit of k?
3
Let h be 388/(-44) - (-2)/(-11). What is the units digit of 1/((3 - 6)/h)?
3
Suppose 119 + 40 = 3*j + 4*t, 0 = 4*j - 4*t - 212. What is the tens digit of j?
5
Let a be 3/(3/2) + 11. Let q = a - 8. What is the units digit of q?
5
What is the units digit of 50/30*1*3?
5
Suppose -2*u = -3*u + 2. Let i be (-1)/((5 + -3)/2). Let s = i + u. What is the units digit of s?
1
Let x(d) = 3*d**2 - 4*d**2 + d**3 - d**2 - 3 + 5*d**2. Let m be x(-3). What is the tens digit of (5*m)/(1 + -2)?
1
Let j(v) = v**3 - 8*v**2 + 9*v + 9. What is the tens digit of j(7)?
2
Let s(p) = p + 10. Let a be 2/9 + 168/(-27). What is the units digit of s(a)?
4
Suppose 2*f - 4*f = v - 13, 2*f = -4*v + 28. Let q(l) = 5 - 4 + v + 0*l + l. What is the tens digit of q(10)?
1
Let f = 1 + -5. Let v = 15 + f. What is the tens digit of v?
1
Suppose -o = -2 - 8. Let x = -4 + o. What is the units digit of x?
6
Let f be 4/(-5)*75/(-3). Suppose f + 20 = 4*u. What is the units digit of u?
0
Suppose 5*p - 3*z + 10 = 0, 0 = -p + 3*p + 4*z + 30. Let u be ((-12)/9)/(2/(-33)). Let h = p + u. What is the tens digit of h?
1
Let c(y) = 2*y**3 - 7*y**2 + 6*y - 3. Let s be c(4). Suppose -2*n + 7 = -s. What is the tens digit of n?
2
Suppose 5*x - 5*b - 205 = 0, -70 = -2*x - 2*b - 2*b. Suppose 3*m = 5*m. Suppose 3*h = -3*a + x, h + m = -2. What is the tens digit of a?
1
Let b(w) = -2*w**2 - 6*w + 6. Let r(v) = -v**2 - 5*v + 5. Let h(f) = -4*b(f) + 5*r(f). What is the tens digit of h(-2)?
1
Let q(v) be the third derivative of v**6/120 - v**5/10 + v**4/12 - 7*v**3/6 - 3*v**2. What is the units digit of q(6)?
5
Let i be (-3)/(1*(-1 + 0)). Let o = 1 + -2. Let t = i + o. What is the units digit of t?
2
Let q = 15 - 12. Suppose -136 - 5 = -q*d. What is the tens digit of d?
4
Let r(f) = -f**3 + 8*f**2 - 6*f + 10. What is the units digit of r(7)?
7
Let p = 3 + 0. Suppose 3*q = 6 + p. What is the units digit of q?
3
Let u = 56 - 15. Suppose 5*s - u = -6. What is the units digit of s?
7
Let v(r) = r**3 + 6*r**2 - r - 6. Let t be v(-6). Suppose -c = 4*i - 5, -3*c + 2*i = -4*c + 3. Let q = c + t. What is the units digit of q?
1
Let i be 2/8 - 307/(-4). Suppose -5*s = -4*j - i, -2*j + 5*j = 4*s - 57. Let f = -9 - j. What is the units digit of f?
4
Let z = -5 + 7. Let a be (4/z - 3)*2. Let r = a + 20. What is the tens digit of r?
1
Suppose -2*w + 9 + 123 = 0. What is the units digit of w?
6
Suppose 2*x - 169 = 27. What is the tens digit of x/7 + 6/(-2)?
1
Let d(s) = 21*s**2 + s. Let c = 9 - 8. What is the tens digit of d(c)?
2
Let z(v) = -v**2 - 1. Let t be z(1). Let s(a) = -2*a + 2. What is the units digit of s(t)?
6
Suppose 6*h - 2*h - 132 = 0. What is the units digit of h?
3
Let b(k) = 13 - 8 - k + 10. What is the tens digit of b(0)?
1
Suppose 4*o - 12 = -s, 47 = 2*s - 3*o - 21. What is the tens digit of s?
2
Suppose -5*i + 11 = -2*d, 0 = 4*d - 2*i - i + 1. Suppose -f + 40 = 5*r, -d*f + 10 = -3*r - 5. What is the tens digit of ((-9)/(-4))/(f/80)?
1
Suppose 15 = 6*m - m. Suppose 37 = m*d - 35. What is the units digit of d?
4
Let w(g) = -30*g + 2. Let o be (1/(-2))/((-1)/(-2)). What is the tens digit of w(o)?
3
Let z(w) = w**2 + w - 1. Let g(s) = 35*s**2 - 3*s + 1. Let q(i) = g(i) + 2*z(i). What is the units digit of q(-1)?
7
Let i be (-4)/8*(1 + -1). Suppose -4 = -m - i*m. Suppose -s - 2 = -a - m*a, a - 5*s = -14. What is the units digit of a?
1
Let c(x) = x**3 + 9*x**2 - 11*x - 5. Let o be c(-10). Suppose u = -2*v + o - 3, 4 = 4*v - u. What is the units digit of v + (-3 - -2) - -3?
3
Suppose 5*z + 12 = 2. What is the units digit of 5 + (-5 - z) - -3?
5
Let c(y) = y**3 - 3*y**2 + 4*y - 2. Let l = 0 + 2. Let h be c(l). What is the units digit of (h/(-3))/((-4)/42)?
7
Let d(k) = 4*k**2 - 2*k**3 + 0 - 4*k**2 - 1 - 2*k. What is the units digit of d(-1)?
3
Let x = 6 - 1. Suppose 2*d + x*w - 42 = 0, -d + 3*w = w - 12. What is the units digit of (3/(-4))/((-4)/d)?
3
Let j(z) = -15*z - 5. What is the tens digit of j(-6)?
8
Suppose -2*u + 3*u = 7. Let f(i) = -i**2 + 8*i - 10. Let l be f(u). What is the units digit of 3/(0 - 1)*l?
9
Suppose 3*b - 6 = b, 4*z - 2*b = -82. Let t = -11 - z. Suppose -2*r - 3*d = -19 - t, 0 = 3*r - d - 24. What is the units digit of r?
9
Let k(x) = -x - 8. Let u = -29 + 21. Let m be k(u). What is the tens digit of (-3)/1 + m + 15?
1
Let m(i) be the first derivative of i**3/3 - i**2 - 8*i + 1. Let p be m(6). Suppose 0 = -3*j + 5*j - p. What is the units digit of j?
8
Let a(k) = -k**2 + 5*k + 2. Let q be a(5). Suppose -3*h + 114 = 3*y - 4*h, h + 75 = q*y. What is the units digit of y?
9
Let w(c) = -1 - 1 + c**2 + 1. Let y be w(2). Suppose 0 = 5*m + y*f - 27, 2*m - f = 4*m - 10. What is the units digit of m?
3
Let x(l) be the first derivative of -l**4/4 - 5*l**3/3 - 3*l**2 - 3*l - 1. Let y(d) = -5*d + 1. Let h be y(1). What is the units digit of x(h)?
5
Let g(r) = 2*r**2 - 6*r + 2. Let v be g(4). Let q = v + -6. Suppose -2 = -q*a + 2. What is the units digit of a?
1
Let d(w) = -11*w + 1